 divisor of 264 and 1032?
24
Calculate the highest common divisor of 63 and 153.
9
What is the greatest common divisor of 2896 and 2?
2
What is the greatest common divisor of 255 and 105?
15
Calculate the highest common factor of 9530 and 10.
10
Calculate the highest common factor of 93 and 1085.
31
What is the greatest common factor of 14 and 42?
14
Calculate the greatest common divisor of 24734 and 298.
298
What is the highest common factor of 325 and 663?
13
Calculate the greatest common divisor of 2 and 2902.
2
What is the highest common divisor of 112 and 616?
56
Calculate the greatest common factor of 16 and 112.
16
Calculate the highest common divisor of 42 and 102.
6
Calculate the highest common divisor of 1984 and 62.
62
Calculate the greatest common factor of 1242 and 9.
9
Calculate the highest common divisor of 1140 and 150.
30
What is the greatest common factor of 171 and 261?
9
What is the greatest common divisor of 1 and 16?
1
Calculate the greatest common factor of 14 and 2758.
14
What is the greatest common divisor of 825 and 1475?
25
What is the highest common factor of 55 and 1705?
55
What is the greatest common divisor of 98 and 154?
14
Calculate the highest common factor of 124 and 132.
4
What is the greatest common factor of 629 and 289?
17
Calculate the greatest common factor of 118 and 118.
118
Calculate the greatest common factor of 10 and 335.
5
Calculate the greatest common factor of 209 and 95.
19
What is the greatest common factor of 414 and 92?
46
What is the highest common divisor of 455 and 377?
13
What is the highest common factor of 45 and 240?
15
Calculate the highest common divisor of 17 and 60299.
17
What is the highest common factor of 1845 and 225?
45
Calculate the greatest common factor of 2760 and 480.
120
Calculate the greatest common divisor of 945 and 27.
27
What is the highest common divisor of 6 and 294?
6
Calculate the greatest common factor of 111 and 8103.
111
What is the greatest common divisor of 392 and 686?
98
What is the highest common divisor of 105 and 45?
15
What is the greatest common divisor of 225 and 180?
45
What is the highest common divisor of 24415 and 95?
95
What is the greatest common divisor of 290 and 170?
10
Calculate the highest common factor of 600 and 4000.
200
Calculate the greatest common divisor of 689 and 636.
53
Calculate the greatest common divisor of 308 and 56.
28
What is the highest common divisor of 1121 and 38?
19
What is the greatest common factor of 5 and 55?
5
Calculate the greatest common factor of 5 and 205.
5
What is the highest common factor of 17 and 22117?
17
Calculate the greatest common divisor of 381 and 1778.
127
Calculate the highest common factor of 171 and 31179.
57
Calculate the greatest common factor of 202 and 45046.
202
Calculate the highest common divisor of 14 and 10.
2
Calculate the highest common factor of 42 and 189.
21
Calculate the highest common divisor of 87 and 29.
29
What is the highest common divisor of 2 and 32?
2
Calculate the greatest common divisor of 512 and 192.
64
Calculate the greatest common factor of 22184 and 295.
59
What is the highest common divisor of 1554 and 185?
37
Calculate the greatest common divisor of 736 and 690.
46
Calculate the highest common divisor of 884 and 51.
17
What is the highest common factor of 22 and 231?
11
What is the greatest common factor of 3196 and 188?
188
What is the greatest common divisor of 444 and 703?
37
Calculate the highest common factor of 6057 and 18.
9
What is the greatest common divisor of 48 and 176?
16
What is the highest common factor of 1869 and 672?
21
Calculate the highest common divisor of 1209 and 279.
93
Calculate the greatest common factor of 985 and 11229.
197
Calculate the greatest common factor of 12 and 32.
4
Calculate the highest common factor of 83 and 3.
1
Calculate the greatest common factor of 18 and 153.
9
Calculate the highest common divisor of 231 and 594.
33
What is the greatest common divisor of 12 and 1788?
12
What is the greatest common divisor of 854 and 1464?
122
Calculate the greatest common divisor of 144 and 1476.
36
Calculate the highest common factor of 2869 and 152.
19
Calculate the highest common divisor of 272 and 1037.
17
Calculate the greatest common factor of 187 and 22.
11
Calculate the greatest common factor of 468 and 48.
12
What is the highest common divisor of 2418 and 156?
78
Calculate the greatest common divisor of 10760 and 160.
40
Calculate the greatest common divisor of 81 and 36.
9
What is the highest common divisor of 5 and 15?
5
What is the greatest common divisor of 5300 and 1300?
100
Calculate the highest common divisor of 204 and 24.
12
Calculate the greatest common factor of 60 and 41850.
30
What is the highest common divisor of 12 and 51?
3
Calculate the highest common factor of 1548 and 6.
6
Calculate the greatest common factor of 42 and 8022.
42
Calculate the greatest common divisor of 11 and 583.
11
Calculate the greatest common divisor of 351 and 52.
13
What is the highest common factor of 3013 and 917?
131
Calculate the highest common divisor of 108 and 486.
54
Calculate the greatest common factor of 104 and 13.
13
Calculate the highest common divisor of 494 and 1586.
26
What is the greatest common factor of 1350 and 180?
90
What is the highest common factor of 16227 and 27?
27
Calculate the highest common divisor of 1034 and 188.
94
What is the highest common factor of 30 and 32?
2
Calculate the greatest common factor of 284 and 76.
4
What is the greatest common factor of 150 and 762?
6
What is the highest common factor of 930 and 60?
30
What is the greatest common factor of 625 and 425?
25
What is the greatest common factor of 14720 and 120?
40
What is the highest common factor of 230 and 940?
10
What is the highest common factor of 6600 and 12?
12
What is the highest common divisor of 2619 and 4753?
97
Calculate the greatest common factor of 264 and 1122.
66
What is the greatest common factor of 861 and 63?
21
Calculate the highest common divisor of 1884 and 72.
12
Calculate the highest common divisor of 12 and 96.
12
What is the highest common factor of 100 and 2050?
50
What is the greatest common factor of 1072 and 144?
16
What is the greatest common divisor of 350 and 56?
14
What is the greatest common divisor of 21 and 161?
7
Calculate the greatest common factor of 100 and 740.
20
Calculate the greatest common divisor of 161 and 49.
7
Calculate the highest common divisor of 1350 and 1200.
150
What is the highest common factor of 49456 and 843?
281
Calculate the highest common divisor of 620 and 496.
124
What is the greatest common factor of 728 and 208?
104
What is the greatest common factor of 4680 and 338?
26
Calculate the greatest common divisor of 54 and 78.
6
What is the highest common factor of 819 and 36?
9
What is the greatest common factor of 36 and 132?
12
What is the greatest common divisor of 58 and 974?
2
What is the greatest common factor of 154 and 88?
22
What is the greatest common divisor of 18258 and 204?
102
Calculate the greatest common factor of 238 and 306.
34
Calculate the highest common divisor of 393 and 6.
3
Calculate the highest common factor of 1 and 5.
1
What is the greatest common divisor of 126 and 360?
18
What is the greatest common divisor of 13 and 429?
13
What is the highest common factor of 189 and 14?
7
Calculate the highest common divisor of 2442 and 66.
66
What is the greatest common divisor of 2142 and 1680?
42
Calculate the greatest common divisor of 16 and 428.
4
What is the greatest common factor of 79 and 1817?
79
What is the greatest common divisor of 520 and 6305?
65
What is the greatest common factor of 1856 and 96?
32
Calculate the highest common factor of 12 and 318.
6
What is the greatest common divisor of 148 and 74?
74
What is the highest common divisor of 299 and 65?
13
What is the greatest common factor of 15 and 4800?
15
Calculate the greatest common factor of 5106 and 1332.
222
What is the highest common divisor of 2075 and 913?
83
Calculate the highest common divisor of 364 and 56.
28
What is the highest common factor of 84 and 147?
21
Calculate the highest common divisor of 73 and 88.
1
Calculate the greatest common factor of 679 and 203.
7
Calculat